04
In base 6, what is 5 - -40200200?
40200205
In base 13, what is -3 + 10676507?
10676504
In base 3, what is -20112100120220102210 - -11?
-20112100120220102122
In base 7, what is 1424603 + 55?
1424661
In base 5, what is 1 + 200314413233?
200314413234
In base 11, what is -79 + -4052?
-4120
In base 10, what is -11 + 18214058?
18214047
In base 2, what is 111001010110010 - -1000?
111001010111010
In base 8, what is 1171213253 - -7?
1171213262
In base 15, what is -6e36c035 - 3?
-6e36c038
In base 4, what is -12113 + -11333203?
-12011322
In base 10, what is -5 + 21051201?
21051196
In base 10, what is 1528 + 43375?
44903
In base 4, what is 0 - 11123313303?
-11123313303
In base 15, what is 6c54e - 438?
6c116
In base 4, what is -1302132131122 - -130?
-1302132130332
In base 8, what is -13241 - -225307?
212046
In base 5, what is -112303 - -14021114?
13403311
In base 15, what is -a3 - 1a419?
-1a4bc
In base 5, what is -1103112 + 120?
-1102442
In base 13, what is 107b015c - 10?
107b014c
In base 4, what is 301131 + 12330?
320121
In base 7, what is -2 - 1115542656?
-1115542661
In base 14, what is -23993 - 137?
-23aca
In base 2, what is 10001111101010001101 - 1100?
10001111101010000001
In base 12, what is 4 + -1299b807?
-1299b803
In base 11, what is 6188 + -3773?
2515
In base 7, what is 44435 - -351211?
425646
In base 13, what is 0 + -13aa131?
-13aa131
In base 2, what is 110010100001 + 1110110010110?
10101000110111
In base 7, what is 4 + -51031251?
-51031244
In base 11, what is -105 + 43031a?
430215
In base 16, what is 19fea5 - -10?
19feb5
In base 12, what is -1 + -b9b697?
-b9b698
In base 16, what is 8c1 - -16c5?
1f86
In base 12, what is -1 - 4a9bb09a?
-4a9bb09b
In base 3, what is 1121011111001201 - -11?
1121011111001212
In base 12, what is 88 + -b827b8?
-b82730
In base 7, what is 4651554 - -126?
4652013
In base 10, what is -16076290 + -1?
-16076291
In base 8, what is 12712371 - 4?
12712365
In base 11, what is -9325494 - -4?
-9325490
In base 8, what is 14 + -55175376?
-55175362
In base 16, what is 2 + -7eb3b4e?
-7eb3b4c
In base 13, what is -1600c6ab + 2?
-1600c6a9
In base 5, what is 1311001233 - 1?
1311001232
In base 12, what is 9021 + 278?
9299
In base 16, what is 1a3a + 200?
1c3a
In base 16, what is -1 + -48966f2?
-48966f3
In base 8, what is 650 - -1325117?
1325767
In base 4, what is 11 - 1033332133310?
-1033332133233
In base 9, what is -56886122 - -3?
-56886118
In base 14, what is 4 + -861ab9?
-861ab5
In base 13, what is 0 - 9384c19?
-9384c19
In base 9, what is 4881170 - 240?
4880830
In base 8, what is 7464150 - -24?
7464174
In base 5, what is -214443324210 + -3?
-214443324213
In base 11, what is 1 - 4386aa?
-4386a9
In base 13, what is -530 - -b10?
5b0
In base 2, what is -100 - 1100101000101111000000?
-1100101000101111000100
In base 12, what is -318101 - 1?
-318102
In base 13, what is -2 - -102749a?
1027498
In base 8, what is 7221725 - 4?
7221721
In base 3, what is 1220110110 - -1221?
1220112101
In base 4, what is -11 + 113000031210?
113000031133
In base 8, what is -13420300 - -14?
-13420264
In base 5, what is -21321320 - -43?
-21321222
In base 9, what is 2312 + -17676?
-15364
In base 14, what is 3 - -1a66717?
1a6671a
In base 12, what is -3487 - -a637?
7170
In base 13, what is -3 - -a35a0?
a359a
In base 5, what is -1030 - -13234302?
13233222
In base 7, what is -162202434 + -54?
-162202521
In base 10, what is -5866 - 1053?
-6919
In base 14, what is -60 + 2636b?
2630b
In base 13, what is -322724 + -6b5?
-323109
In base 9, what is 1778522 - 1?
1778521
In base 5, what is 2432412201 - -20?
2432412221
In base 5, what is -31110404 - 11143?
-31122102
In base 12, what is -1266b4 - -353?
-126361
In base 11, what is 1a247224 + -4?
1a247220
In base 15, what is 23eddab - 5?
23edda6
In base 8, what is 55211 - 602?
54407
In base 11, what is -4 + -25185a5?
-25185a9
In base 8, what is 773 - -556124?
557117
In base 13, what is 289 + -792?
-506
In base 8, what is 2615445 + -62?
2615363
In base 8, what is 2230 - -1732?
4162
In base 7, what is 3356 - -14504615?
14511304
In base 2, what is 1111110111000100100010 + -11001?
1111110111000100001001
In base 6, what is -1 + -23422005153?
-23422005154
In base 11, what is -4084 + -15267?
-19340
In base 9, what is -44 - -376072?
376027
In base 2, what is 1011110001000110100100001 + 1?
1011110001000110100100010
In base 9, what is 164013813 + 3?
164013816
In base 13, what is -17343927 + -2?
-17343929
In base 14, what is 1a581 - -61b?
1ab9c
In base 7, what is 412 - 360342?
-356630
In base 8, what is 5 + 14222004?
14222011
In base 2, what is 100101001 - 1010011011000110000?
-1010011010100000111
In base 2, what is 1000010010011111011011111000 - 11?
1000010010011111011011110101
In base 15, what is 4 - 9311c2?
-9311bd
In base 11, what is 0 + 1005900?
1005900
In base 10, what is -4 - 138695530?
-138695534
In base 7, what is 4 + 211022336?
211022343
In base 10, what is 1 - 5602094?
-5602093
In base 4, what is -20302201 + -233230?
-21202031
In base 7, what is 3600536 - -213?
3601052
In base 3, what is 10012121120 + -102120?
10012012000
In base 3, what is -1001102211022 + -2212?
-1001102221011
In base 8, what is -2 - -1020616106?
1020616104
In base 2, what is -1000111001110 + -10100000011?
-1011011010001
In base 6, what is 0 - 31145022542?
-31145022542
In base 14, what is 18 + 3832ab?
3832c5
In base 5, what is 343 - -304034344?
304040242
In base 16, what is -a8c1 - ba?
-a97b
In base 2, what is -10000011010011011110 + 110101?
-10000011010010101001
In base 10, what is -944 + 3820?
2876
In base 15, what is -631988 - 4?
-63198c
In base 2, what is 11111001111010 - 1110011100?
11101011011110
In base 6, what is -22430 + -31442?
-54312
In base 13, what is 845121 - 2?
84511c
In base 2, what is 1 + 1011111000001011010000000?
1011111000001011010000001
In base 10, what is -1852307 + -1?
-1852308
In base 3, what is 11 + -22000121000212?
-22000121000201
In base 7, what is 310 + 22654201?
22654511
In base 10, what is 738824 - 378?
738446
In base 10, what is -4 + 16794462?
16794458
In base 3, what is -10022020020 + 100220?
-10021212100
In base 6, what is -22 + 105340530?
105340504
In base 4, what is -220022321 - 11323?
-220100310
In base 11, what is -22 - 2760036?
-2760058
In base 8, what is 464 - 701374?
-700710
In base 10, what is -74 + -205919?
-205993
In base 11, what is 4086398a + 4?
40863993
In base 3, what is -112 - -21111002212020?
21111002211201
In base 3, what is -200222210122210 + -121?
-200222210200101
In base 4, what is -113023 + 103230313?
103111230
In base 5, what is 1322104 - 11301?
1310303
In base 14, what is 93b798c9 - 1?
93b798c8
In base 6, what is 4021 + -54344?
-50323
In base 7, what is -2326465453 + 2?
-2326465451
In base 15, what is -2c9 + -7e018?
-7e2e2
In base 4, what is 1121 - -211301?
213022
In base 14, what is 2a07 + 28c?
2c95
In base 14, what is 26 + -297a56?
-297a30
In base 5, what is -1 + 1021332343?
1021332342
In base 14, what is -4696557 - 3?
-469655a
In base 13, what is -4b5c035 - 30?
-4b5c065
In base 14, what is 9b - -124bd?
1257a
In base 14, what is -ad1ac + -18?
-ad1c6
In base 7, what is -324502 + -4662?
-332464
In base 12, what is -102a5 - 7b4?
-10a99
In base 6, what is 114 + -5233520?
-5233402
In base 13, what is -2b62 + -449?
-32ab
In base 11, what is 11 + -586a5?
-58694
In base 5, what is -131 + -20141404?
-20142040
In base 13, what is -61511c08 + -5?
-61511c10
In base 11, what is 7042828 - 2?
7042826
In base 8, what is -50241 - 20651?
-71112
In base 14, what is 16 + bc62c1?
bc62d7
In base 15, what is 3572d5 - 1bb?
357119
In base 7, what is -1512432 - 122?
-1512554
In base 6, what is -10250220411 - 4?
-10250220415
In base 4, what is -1 - -203221033311?
203221033310
In base 3, what is 21111200 + -2211220?
11122210
In base 9, what is 128 + 7313112?
7313241
In base 16, what is -e4c6c - -3?
-e4c69
In base 9, what is 5381 - 5042?
338
In base 14, what is -22d16 - -266?
-22a90
In base 8, what is -36 + 2645141?
2645103
In base 16, what is 30b99 - -28?
30bc1
In base 12, what is -a4252254 - -2?
-a4252252
In base 2, what is -11010111 - -10101101010010110?
10101100110111111
In base 9, what is -4 + -406064283?
-406064287
In base 11, what is -101311a - -77?
-1013053
In base 3, what is -1101211122011010 + -12?
-1101211122011022
In base